1 - x - k*x + 6*x. Give t(-3).
-5
Let r(p) = -p**3 + 41*p**2 - 415*p - 64. Let m be r(22). Let l(j) be the third derivative of j**5/20 + j**4/24 + j**3/3 - j**2. Give l(m).
16
Suppose 4*p + 4*t = 0, 0 = -4*p - 5*t - 3 - 0. Let y = 16 - 12. Let g(w) = 2*w**2 - 2. Let m(h) = 3*h**2 - 3. Let d(c) = y*g(c) - 3*m(c). What is d(p)?
-8
Let h(c) = 13 - 2*c**2 - 16 + 6 - 9*c - 2*c + 16*c. Calculate h(-3).
-30
Let k(r) = 165638*r - r**3 - 165637*r + 2*r**3 - 3 + 3*r**2. What is k(-2)?
-1
Let s(n) = n**2 - n + 1. Let w be ((-2)/6)/(-1) - (-25)/15. Let v be (3 - w)*-6*(-3)/6. Calculate s(v).
7
Let l(s) = 7*s - 2 + 8*s + 13*s + s**2 - 25*s. Let v = 13 + -7. Suppose -v*o - 15 = -o. Give l(o).
-2
Suppose 6*a + 4*o = 2*a + 8, a - 5*o - 32 = 0. Let n be (a - 10) + 2 + -1. Let z be (-3)/n*6/(-9). Let p(t) = 3*t**3 - t**2 - t. Give p(z).
-3
Let t(f) = -f + 10. Let p = -6 + 6. Let j(w) = 5*w + p*w + 1 - 6*w. Let n(m) = 3*j(m) - t(m). Calculate n(-6).
5
Suppose -2*i + 448 = 5*l, 2*l = -4*i + 111 + 65. Let p = 95 - l. Let f(b) = 2*b - 5. What is f(p)?
5
Let q(d) = 5*d**2 + 3*d + 3. Let o(m) = -5*m + 8. Let c be o(2). Give q(c).
17
Let z(d) be the second derivative of -2*d**3 + 21*d**2 - 594*d. Calculate z(4).
-6
Let i(b) = 4*b. Let s be 3/(9/(-12)) + 5. Suppose x + 0 = -s. Determine i(x).
-4
Let j(z) = -5*z + z**2 - 8*z - 5 + 5*z + 2*z. Let k(x) = 7*x + 6. Let h(b) = -5*j(b) - 4*k(b). Let w be -1 + (-2)/6*0. Give h(w).
-6
Let i(u) = u - 11. Suppose -4*r = -w - 14, 6 = 5*w - 5*r + 1. What is i(w)?
-5
Let w(p) = 2*p + 12. Suppose 0 = -x + 6*x. Suppose 2*y - 3*y - 8 = 3*b, x = 3*b. Determine w(y).
-4
Suppose 17 - 40 = -4*m - 3*s, -4*s + 10 = -5*m. Suppose 0 = l + 8 - m. Let k(u) = 2*u + 11. Let y(i) = 4*i + 21. Let d(q) = -11*k(q) + 6*y(q). Calculate d(l).
-7
Let n(j) = j**3 + 2*j**2 - 5*j - 3. Suppose 401 = 4*f + 121. Let o = -73 + f. Calculate n(o).
3
Let x(u) = 4*u**3 + 2*u - 4. Let r(i) = -3*i**3 - i**2 - 2*i + 4. Let v(d) = 5*r(d) + 4*x(d). Let h(k) = -k**2 - 118*k + 5173. Let a be h(-152). Give v(a).
-6
Let s = 9 - 6. Let o(n) = -n**3 + 6*n**2 + 12. Let h be o(6). Let b(t) = -5*t + h*t + 2 - 3 - 5*t. Give b(s).
5
Suppose -4*x + a - 92 = -9*x, 0 = -3*x - 3*a + 48. Let d(v) = v**3 - 18*v**2 - 18*v - 24. Calculate d(x).
-5
Let q(b) = 10*b - 2. Let z(t) = -4*t - 1. Let l(v) = q(v) + 3*z(v). Calculate l(-4).
3
Let n(q) = 10*q + 115. Let c be n(-12). Let s(m) = -m - 5. Give s(c).
0
Suppose q + 1 = 6, l = 5*q - 20. Let f = l + -2. Let p(y) be the first derivative of -y**2 + 4*y - 115. Determine p(f).
-2
Let d be (-40)/(-4) + (-3)/(-1) + -6. Let g(q) = -q - 3 + 5*q - d*q. Suppose 0 = -4*b - 8 - 8. What is g(b)?
9
Let r(p) = 2*p**2 + p. Let y(d) = -11*d**2 - 10*d - 2. Let l(f) = -6*r(f) - y(f). Calculate l(6).
-10
Suppose 0 = -6*q + 3*q. Suppose 3*o - 11 - 13 = q. Let t(a) = o - 6*a - 5 + a**2 - 2. What is t(4)?
-7
Suppose -16 = -3*g + 2*d, -5*g + 19 = -3*d - 6. Let n(j) = -5 + 6 + 4*j - g. Give n(-1).
-5
Let m(y) = -y**2 + y + 2. Let s(l) = 8*l - l - 4*l + 12. Let d be s(-4). Calculate m(d).
2
Let u(n) = -n**2 + 5*n + 5. Let g be u(5). Let a = -24 - -23. Let w(s) = -s**3 + s - 9. Let o(d) = -d**2 - 1. Let l(p) = a*w(p) + 5*o(p). Determine l(g).
-1
Let w(m) = m**3 - 5 - 7*m - 2 - 1 + 5*m**2 + 8 - 4. Determine w(-6).
2
Let q(z) = -z**3 + 19*z**2 - 17*z - 18. Let n be q(18). Suppose 5 = -u - n, u = 2*a - 5. Let l(s) = -s**2 + 15. Calculate l(a).
15
Let z(n) be the first derivative of -n**3/3 + 7*n**2/2 - 2*n - 132. Calculate z(5).
8
Let v(u) = -u**3 - 7*u**2 - 6*u - 9. Let p be 1326/21 - 9/63. Let q be (-21)/p - 34/6. Determine v(q).
-9
Let i(n) = -n**3 + 5*n**2 + 4*n - 4. Let t be (1/(-2))/1*2. Let j(w) = 7*w**2 - w - 2. Let g be j(t). Give i(g).
-16
Let r(o) = o**3 - o + 4. Let y be (-145)/58*(-4)/5 + -2. Calculate r(y).
4
Let b(q) = q**2 - 7*q - 4. Suppose -11*x + 9*x - 38 = -4*k, -k + 12 = -x. Give b(k).
-4
Suppose 4*j = 14 - 14. Let g(a) be the third derivative of a**5/30 + a**4/12 + 3*a**3/2 + a**2. Let z(t) = -t**2 - t. Let x(m) = g(m) + 3*z(m). Determine x(j).
9
Let y(z) = z - 29. Suppose -5*q = 3*v - 47, -2*q - 3*v = -15 - 2. Determine y(q).
-19
Let t(i) = -i + 19. Let a be t(0). Let q = a + -15. Let k(f) be the second derivative of f**3/6 - 4*f. Determine k(q).
4
Let g(z) = 15*z - 43*z + 15*z + 11*z - 13. Determine g(-12).
11
Suppose -5*l + 8*l = 0. Suppose 5*n + 54 - 44 = l. Let f(x) = -2*x**2 - x + 1. Give f(n).
-5
Let m(g) = g**3 - 3*g**2 + g - 4. Let y be 8/(-20) + 360/25. Suppose 9*a = y*a - 15. What is m(a)?
-1
Let t(w) = -w**2 - w + 9. Let u(a) = a**3 + a + 2. Let o be u(-1). Let c be o + -1 - (-31)/31. What is t(c)?
9
Let b(q) = 3*q + 2. Let z(c) = -3*c - 4. Let s(p) = 3*b(p) + 2*z(p). Calculate s(3).
7
Let c(j) = 10*j - 1. Let s be (4 - (-22)/6)*6. Let i = s - 45. Determine c(i).
9
Suppose 0 = -j + 2*m + 1, -5*m + 14 + 1 = -5*j. Let t(d) = d + 14. Give t(j).
7
Let r(z) = -18*z**2 + 46*z**2 - 3*z - 19*z**2 - 13*z**2 + z**3 - 5. Let d = 8 + -3. Let q be r(d). Let w(l) = l**2 - 5*l + 5. Calculate w(q).
5
Let x(w) = -16*w - 9. Let v(q) = -q - 2. Let b be v(-10). Suppose k = 3*k - b. Let j(h) = 8*h + 5. Let y(i) = k*x(i) + 7*j(i). Give y(-1).
7
Let w(t) be the second derivative of 2*t**2 + 19*t - 5/12*t**4 - 3/2*t**3 + 1/20*t**5 + 0. What is w(6)?
-14
Let s(g) = g**3 - 5*g**2 - g + 3. Let i(z) = -z**3 - 8*z**2 - z - 8. Let c be i(-8). Suppose 2*a + 2*a = c. Let d be ((-3 - -2) + a)*-5. Determine s(d).
-2
Let p(m) = 12*m + 1. Let f(b) be the second derivative of b**3/3 - 3*b**2/2 + 2*b. Let g be f(2). Calculate p(g).
13
Let v(d) = 53*d - 429. Let m be v(8). Let u(s) = s - 1. Let a(f) = -f**2 - 13*f + 2. Let n(q) = -a(q) - 5*u(q). Determine n(m).
-12
Let h(a) be the first derivative of 19*a**2/2 + 43. What is h(1)?
19
Let p(g) = 7*g**2 + 3*g + 5. Suppose 6*b - 5*v = 3*b + 16, -3*v = -b + 4. Let l(c) = -10*c**2 - 4*c - 7. Let s(o) = b*p(o) + 5*l(o). Give s(0).
0
Let b(j) = j**2 + 4*j + 7. Suppose 33*i - 37*i - 320 = 0. Let r = -86 - i. What is b(r)?
19
Let a be -4 - -5 - -3 - -3. Let u(v) = v**3 + a - 2*v + 5*v**2 + 6*v - 11*v**2. Calculate u(5).
2
Let g(s) be the second derivative of s**7/2520 - s**6/90 - s**5/24 - s**4/2 - 9*s. Let x(y) be the third derivative of g(y). Give x(5).
-20
Let s(t) = -t**3 + 6. Let j(u) = u. Let n be j(7). Suppose 0 = -n*a + 3*a. Give s(a).
6
Let m(g) = -g**3 - 6*g**2 + 7*g - 6. Suppose -6*z + 9*z + 21 = 0. What is m(z)?
-6
Let q(h) be the second derivative of -h**4/12 + 3*h**3/2 - 7*h**2 + 104*h. Give q(7).
0
Let j(f) = -f**2 + 12*f + 2. Let y be j(12). Suppose y*g = 4*a + 35 - 5, 27 = -2*a + 5*g. Let v(p) = 3*p + 4. Calculate v(a).
-14
Let y(u) = u + 17. Let m(o) be the second derivative of o**3/6 + 4*o**2 - 7*o. Let t(s) = 5*m(s) - 3*y(s). Give t(8).
5
Suppose 0 = 3*b + a + 44, -72 = 4*b + b + a. Let z be 63/49 + 4/b. Let f(r) = r**3 + r**2 - 2*r + 1. What is f(z)?
1
Let f(z) be the first derivative of -15 - 2*z - 4/3*z**3 - 1/2*z**2 + 1/4*z**4. Determine f(4).
-6
Let t = 2 + -3. Let k(j) = 5*j**2 - 3*j + 5. Let q(h) = h**2 + 1. Let b(u) = t*k(u) + 4*q(u). Calculate b(2).
1
Let x(z) = -5*z**2 - 27*z - 5. Suppose 15*o - 23 = -98. Let m be x(o). Let c(q) = q**2 - 4*q - 7. Give c(m).
-2
Let f(w) = 4*w - 60. Let l be f(16). Let t(q) = 2*q**3 - 7*q**2 + 5*q. What is t(l)?
36
Let y(a) = 0 - 10*a - 747*a**2 - 1 + 745*a**2. Give y(-7).
-29
Let q = -831 - -826. Let o(r) = r**3 - r**2 + 3*r - 6 - 2*r**3 - 3*r**2. Give o(q).
4
Let c(s) = s**3 - 2*s**2 - 3*s - 4. Suppose -2*f - 10*l + 20 = -13*l, -2*f = l - 4. Give c(f).
16
Let s(m) be the third derivative of 1/60*m**6 + 0*m**5 + m**2 + 0*m + 0 - 1/8*m**4 - 1/3*m**3. Let r = 153 + -155. Calculate s(r).
-12
Suppose 6*s - 94 = 2*s + 2*d, -4*s + 76 = 4*d. Suppose k = -f + 6, -s = -f - 3*k - 2*k. Let p(l) = 3*l**f - l - 4*l**2 - 4 + 3*l**2 - l**2. Calculate p(3).
2
Let r(j) = j**3 + 2*j - 51. Let i be r(0). Let p = 46 + i. Let l(b) = 7*b - 6. Let g(z) = -6*z + 5. Let a(x) = -6*g(x) - 5*l(x). Calculate a(p).
-5
Let u be -16 + 10 + -12*(-2)/4. Let h(r) be the first derivative of 1/3*r**3 + 1/4*r**4 + 2 - 2*r + u*r**2. Calculate h(-2).
-6
Let g be (132/(-77))/(6/(-21)). Let f(t) = t + 10 - 4*t + t**2 + 0*t. Let a(d) = d**2 - 4*d + 9. Let k(s) = -5*a(s) + 4*f(s). Calculate k(g).
7
Let u(c) = -c